{"id":247,"date":"2023-02-05T21:51:15","date_gmt":"2023-02-05T20:51:15","guid":{"rendered":"https:\/\/www.betriebsarzt-praxis.de\/wordpress\/?page_id=247"},"modified":"2026-03-30T09:20:35","modified_gmt":"2026-03-30T07:20:35","slug":"ueber-uns","status":"publish","type":"page","link":"https:\/\/www.betriebsarzt-praxis.de\/wordpress\/ueber-uns\/","title":{"rendered":"\u00dcber uns"},"content":{"rendered":"\r\n<figure>\r\n<h3><strong>\u00dcBER UNS<\/strong><\/h3>\r\n<\/figure>\r\n<figure><\/figure>\r\n<figure class=\"wp-block-image size-full is-resized\"><br \/><img loading=\"lazy\" decoding=\"async\" class=\"wp-image-316\" src=\"https:\/\/www.betriebsarzt-praxis.de\/wordpress\/wp-content\/uploads\/2023\/03\/grafik.png\" alt=\"\" width=\"155\" height=\"169\" srcset=\"https:\/\/www.betriebsarzt-praxis.de\/wordpress\/wp-content\/uploads\/2023\/03\/grafik.png 940w, https:\/\/www.betriebsarzt-praxis.de\/wordpress\/wp-content\/uploads\/2023\/03\/grafik-275x300.png 275w, https:\/\/www.betriebsarzt-praxis.de\/wordpress\/wp-content\/uploads\/2023\/03\/grafik-768x837.png 768w\" sizes=\"auto, (max-width: 155px) 100vw, 155px\" \/><\/figure>\r\n\r\n\r\n\r\n<p><strong>Dr.med. Ulrike Harrer<\/strong><\/p>\r\n\r\n\r\n\r\n<p style=\"font-size: 16px; font-style: normal; font-weight: 600;\">Fach\u00e4rztin f\u00fcr Allgemeinmedizin<br \/>Betriebsmedizin<\/p>\r\n\r\n\r\n\r\n<p>Nach dem Studium in T\u00fcbingen und anschlie\u00dfender klinischer Ausbildung bin ich seit 1999 als Fach\u00e4rztin f\u00fcr Allgemeinmedizin und seit 2002 mit Anerkennung der Zusatzbezeichnung Betriebsmedizin auch betriebs\u00e4rztlich t\u00e4tig.<br \/>Ich betreue kleine und mittlere Betriebe verschiedener Branchen alleine und in Zusammenarbeit mit meinen Kooperationspartnern.<br \/><br \/><\/p>\r\n\r\n\r\n\r\n<p>&nbsp;<\/p>\r\n\r\n\r\n\r\n<p><br \/><img loading=\"lazy\" decoding=\"async\" width=\"150\" height=\"182\" class=\"wp-image-306\" style=\"width: 150px;\" src=\"https:\/\/www.betriebsarzt-praxis.de\/wordpress\/wp-content\/uploads\/2023\/02\/Bert-Goethel.jpg\" alt=\"\" srcset=\"https:\/\/www.betriebsarzt-praxis.de\/wordpress\/wp-content\/uploads\/2023\/02\/Bert-Goethel.jpg 472w, https:\/\/www.betriebsarzt-praxis.de\/wordpress\/wp-content\/uploads\/2023\/02\/Bert-Goethel-247x300.jpg 247w\" sizes=\"auto, (max-width: 150px) 100vw, 150px\" \/><\/p>\r\n\r\n\r\n\r\n<p style=\"font-size: 16px; font-style: normal; font-weight: 600; line-height: 0.2;\">Bert G\u00f6thel\u00a0I M.Eng. Diplom-Betriebswirt (FH)<\/p>\r\n\r\n\r\n\r\n<p style=\"font-size: 16px; font-style: normal; font-weight: 600;\">Sicherheitsingenieur<\/p>\r\n\r\n\r\n\r\n<ul class=\"wp-block-list\">\r\n<li>Sicherheitsingenieur seit 26 Jahren f\u00fcr verschiedene BG\u00b4n<\/li>\r\n\r\n\r\n\r\n<li>Management-Assistent f\u00fcr Organisationsentwicklung<\/li>\r\n\r\n\r\n\r\n<li>Fachkundiger f\u00fcr betriebliche L\u00e4rmmessungen<\/li>\r\n\r\n\r\n\r\n<li>Brandschutzbeauftragter<\/li>\r\n\r\n\r\n\r\n<li>Explosionsschutz<\/li>\r\n\r\n\r\n\r\n<li>Bef\u00e4higte Person f\u00fcr verschiedene Pr\u00fcfungen<\/li>\r\n\r\n\r\n\r\n<li>Multiplikator der BGW<\/li>\r\n\r\n\r\n\r\n<li>Betrieblicher Hygienebeauftragter<\/li>\r\n<\/ul>\r\n\r\n\r\n\r\n<p style=\"font-size: 16px; font-style: normal; font-weight: 600; line-height: 0.3;\">\u00a0<\/p>\r\n\r\n\r\n\r\n<figure class=\"wp-block-image size-full is-resized\"><img loading=\"lazy\" decoding=\"async\" class=\"wp-image-343\" src=\"https:\/\/www.betriebsarzt-praxis.de\/wordpress\/wp-content\/uploads\/2023\/03\/Thumedilogo-1.jpg\" alt=\"\" width=\"108\" height=\"149\" srcset=\"https:\/\/www.betriebsarzt-praxis.de\/wordpress\/wp-content\/uploads\/2023\/03\/Thumedilogo-1.jpg 336w, https:\/\/www.betriebsarzt-praxis.de\/wordpress\/wp-content\/uploads\/2023\/03\/Thumedilogo-1-218x300.jpg 218w\" sizes=\"auto, (max-width: 108px) 100vw, 108px\" \/><\/figure>\r\n\r\n\r\n\r\n<p><strong>THUMEDI Pr\u00e4ventionsmanagement GmbH<\/strong><\/p>\r\n\r\n\r\n\r\n<p>&#8230; ist ein Verbund freiberuflicher und selbst\u00e4ndig t\u00e4tiger <strong>Arbeitsmediziner, Betriebs\u00e4rzte, Ingenieure und Psychologen<\/strong>, die sich auf die Betreuung von Klein- und Mittelbetrieben spezialisiert haben.<\/p>\r\n\r\n\r\n\r\n<p>Wir sind <strong>Kompetenzzentrum der Berufsgenossenschaft Nahrungsmittel (BGN) und Gastgewerbe<\/strong> und <strong>Kompetenzzentrum und Kooperationspartner der Berufsgenossenschaft Gesundheitsdienst und Wohlfahrtspflege (BGW) <\/strong>.<\/p>\r\n\r\n\r\n\r\n<p>&nbsp;<\/p>\r\n\r\n\r\n\r\n<p>&nbsp;<\/p>\r\n\r\n\r\n\r\n<p style=\"font-size: 15px; line-height: 0.3;\">\u00a0<\/p>\r\n","protected":false},"excerpt":{"rendered":"<p>Dr.med. Ulrike Harrer Fach\u00e4rztin f\u00fcr AllgemeinmedizinBetriebsmedizin Nach dem Studium in T\u00fcbingen und anschlie\u00dfender klinischer Ausbildung bin ich seit 1999 als Fach\u00e4rztin f\u00fcr Allgemeinmedizin und seit 2002 mit Anerkennung der Zusatzbezeichnung Betriebsmedizin auch betriebs\u00e4rztlich t\u00e4tig.Ich betreue kleine und mittlere Betriebe verschiedener Branchen alleine und in Zusammenarbeit mit meinen Kooperationspartnern. &nbsp; Bert G\u00f6thel\u00a0I M.Eng. Diplom-Betriebswirt (FH) Sicherheitsingenieur &hellip; <\/p>\n<p class=\"link-more\"><a href=\"https:\/\/www.betriebsarzt-praxis.de\/wordpress\/ueber-uns\/\" class=\"more-link\"><span class=\"screen-reader-text\">\u201e\u00dcber uns\u201c<\/span> weiterlesen<\/a><\/p>\n","protected":false},"author":1,"featured_media":0,"parent":0,"menu_order":0,"comment_status":"closed","ping_status":"closed","template":"","meta":{"footnotes":""},"class_list":["post-247","page","type-page","status-publish","hentry"],"_links":{"self":[{"href":"https:\/\/www.betriebsarzt-praxis.de\/wordpress\/wp-json\/wp\/v2\/pages\/247","targetHints":{"allow":["GET"]}}],"collection":[{"href":"https:\/\/www.betriebsarzt-praxis.de\/wordpress\/wp-json\/wp\/v2\/pages"}],"about":[{"href":"https:\/\/www.betriebsarzt-praxis.de\/wordpress\/wp-json\/wp\/v2\/types\/page"}],"author":[{"embeddable":true,"href":"https:\/\/www.betriebsarzt-praxis.de\/wordpress\/wp-json\/wp\/v2\/users\/1"}],"replies":[{"embeddable":true,"href":"https:\/\/www.betriebsarzt-praxis.de\/wordpress\/wp-json\/wp\/v2\/comments?post=247"}],"version-history":[{"count":23,"href":"https:\/\/www.betriebsarzt-praxis.de\/wordpress\/wp-json\/wp\/v2\/pages\/247\/revisions"}],"predecessor-version":[{"id":449,"href":"https:\/\/www.betriebsarzt-praxis.de\/wordpress\/wp-json\/wp\/v2\/pages\/247\/revisions\/449"}],"wp:attachment":[{"href":"https:\/\/www.betriebsarzt-praxis.de\/wordpress\/wp-json\/wp\/v2\/media?parent=247"}],"curies":[{"name":"wp","href":"https:\/\/api.w.org\/{rel}","templated":true}]}}