{"id":18,"date":"2022-12-29T11:41:31","date_gmt":"2022-12-29T10:41:31","guid":{"rendered":"https:\/\/www.betriebsarzt-praxis.de\/wordpress\/?page_id=18"},"modified":"2026-03-30T09:59:55","modified_gmt":"2026-03-30T07:59:55","slug":"startseite-2","status":"publish","type":"page","link":"https:\/\/www.betriebsarzt-praxis.de\/wordpress\/","title":{"rendered":"Start"},"content":{"rendered":"\r\n<h3><strong>Willkommen beim Zentrum f\u00fcr Arbeitsmedizin und Arbeitssicherheit M\u00fcnsingen.<\/strong> <br \/><br \/>Wir unterst\u00fctzen und beraten Sie kompetent in Fragen der betrieblichen Arbeitssicherheit.<\/h3>\r\n\r\n\r\n\r\n<p>&nbsp;<\/p>\r\n\r\n\r\n\r\n<figure class=\"wp-block-image size-large is-resized\"><img loading=\"lazy\" decoding=\"async\" class=\"wp-image-321\" src=\"https:\/\/www.betriebsarzt-praxis.de\/wordpress\/wp-content\/uploads\/2023\/03\/LoGo_Bap-1024x1024.jpg\" alt=\"\" width=\"138\" height=\"138\" srcset=\"https:\/\/www.betriebsarzt-praxis.de\/wordpress\/wp-content\/uploads\/2023\/03\/LoGo_Bap-1024x1024.jpg 1024w, https:\/\/www.betriebsarzt-praxis.de\/wordpress\/wp-content\/uploads\/2023\/03\/LoGo_Bap-300x300.jpg 300w, https:\/\/www.betriebsarzt-praxis.de\/wordpress\/wp-content\/uploads\/2023\/03\/LoGo_Bap-150x150.jpg 150w, https:\/\/www.betriebsarzt-praxis.de\/wordpress\/wp-content\/uploads\/2023\/03\/LoGo_Bap-768x768.jpg 768w, https:\/\/www.betriebsarzt-praxis.de\/wordpress\/wp-content\/uploads\/2023\/03\/LoGo_Bap-100x100.jpg 100w, https:\/\/www.betriebsarzt-praxis.de\/wordpress\/wp-content\/uploads\/2023\/03\/LoGo_Bap.jpg 1215w\" sizes=\"auto, (max-width: 138px) 100vw, 138px\" \/><\/figure>\r\n\r\n\r\n\r\n<h3>Dr. med. Ulrike Harrer<\/h3>\r\n<p>Fach\u00e4rztin f\u00fcr Allgemeinmedizin<br \/>Betriebsarztpraxis<\/p>\r\n<p><br \/>Heidelgarten 6<br \/>72525 M\u00fcnsingen<br \/>Tel: 0172 9794536<br \/>Fax: 07383 942214<br \/>info@betriebsarzt-praxis.de<br \/>www.betriebsarzt-praxis.de<\/p>\r\n<p>&nbsp;<\/p>\r\n<p class=\"has-medium-font-size\" style=\"font-style: normal; font-weight: 600;\">Kooperationspartner:<br \/><br \/><img loading=\"lazy\" decoding=\"async\" class=\"wp-image-436 alignnone\" src=\"https:\/\/www.betriebsarzt-praxis.de\/wordpress\/wp-content\/uploads\/2023\/03\/ipao-2-300x181.jpg\" alt=\"\" width=\"231\" height=\"139\" srcset=\"https:\/\/www.betriebsarzt-praxis.de\/wordpress\/wp-content\/uploads\/2023\/03\/ipao-2-300x181.jpg 300w, https:\/\/www.betriebsarzt-praxis.de\/wordpress\/wp-content\/uploads\/2023\/03\/ipao-2-768x463.jpg 768w, https:\/\/www.betriebsarzt-praxis.de\/wordpress\/wp-content\/uploads\/2023\/03\/ipao-2.jpg 1024w\" sizes=\"auto, (max-width: 231px) 100vw, 231px\" \/><\/p>\r\n<h3>Bert G\u00f6thel<\/h3>\r\n<p>M.Eng. Dipl.-Betriebswirt (FH)<br \/>Sicherheitsingenieur<br \/>Tel.: 03725 344571<br \/>Mobil: 0173 3718155<\/p>\r\n\r\n\r\n\r\n\r\n\r\n\r\n\r\n<p style=\"font-size: 15px; font-style: normal; font-weight: 400; line-height: 0.4;\"><a href=\"mailto:b.goethel@thumedi.com\">b.goethel@thumedi.com<\/a><br \/><br \/><br \/><\/p>\r\n\r\n\r\n\r\n<p class=\"has-small-font-size\" style=\"line-height: 1;\">\u00a0<\/p>\r\n\r\n\r\n\r\n<figure class=\"wp-block-image size-full is-resized\"><img loading=\"lazy\" decoding=\"async\" class=\"wp-image-339\" src=\"https:\/\/www.betriebsarzt-praxis.de\/wordpress\/wp-content\/uploads\/2023\/03\/Thumedilogo.jpg\" alt=\"\" width=\"81\" height=\"112\" srcset=\"https:\/\/www.betriebsarzt-praxis.de\/wordpress\/wp-content\/uploads\/2023\/03\/Thumedilogo.jpg 336w, https:\/\/www.betriebsarzt-praxis.de\/wordpress\/wp-content\/uploads\/2023\/03\/Thumedilogo-218x300.jpg 218w\" sizes=\"auto, (max-width: 81px) 100vw, 81px\" \/><\/figure>\r\n\r\n\r\n\r\n<h3>THUMEDI Pr\u00e4ventionsmanagement GmbH<\/h3>\r\n\r\n\r\n\r\n<p>Kompetenzzentrum der Berufsgenossenschaft<br \/>Nahrungsmittel und Gastgewerbe (BGN)<br \/>Kompetenzzentrum und Kooperationspartner <br \/>der Berufsgenossenschaft<br \/>Gesundheitsdienst und Wohlfahrtspflege (BGW)<br \/>Tel.: 037297 7905<\/p>\r\n\r\n\r\n\r\n\r\n\r\n\r\n\r\n\r\n\r\n\r\n\r\n<p><a href=\"mailto:pm@thumedi.com\">pm@thumedi.com<\/a><\/p>\r\n\r\n\r\n\r\n<p>&nbsp;<\/p>\r\n","protected":false},"excerpt":{"rendered":"<p>Willkommen beim Zentrum f\u00fcr Arbeitsmedizin und Arbeitssicherheit M\u00fcnsingen. Wir unterst\u00fctzen und beraten Sie kompetent in Fragen der betrieblichen Arbeitssicherheit. &nbsp; Dr. med. Ulrike Harrer Fach\u00e4rztin f\u00fcr AllgemeinmedizinBetriebsarztpraxis Heidelgarten 672525 M\u00fcnsingenTel: 0172 9794536Fax: 07383 942214info@betriebsarzt-praxis.dewww.betriebsarzt-praxis.de &nbsp; Kooperationspartner: Bert G\u00f6thel M.Eng. Dipl.-Betriebswirt (FH)SicherheitsingenieurTel.: 03725 344571Mobil: 0173 3718155 b.goethel@thumedi.com \u00a0 THUMEDI Pr\u00e4ventionsmanagement GmbH Kompetenzzentrum der BerufsgenossenschaftNahrungsmittel und Gastgewerbe &hellip; <\/p>\n<p class=\"link-more\"><a href=\"https:\/\/www.betriebsarzt-praxis.de\/wordpress\/\" class=\"more-link\"><span class=\"screen-reader-text\">\u201eStart\u201c<\/span> weiterlesen<\/a><\/p>\n","protected":false},"author":1,"featured_media":0,"parent":0,"menu_order":0,"comment_status":"closed","ping_status":"closed","template":"","meta":{"footnotes":""},"class_list":["post-18","page","type-page","status-publish","hentry"],"_links":{"self":[{"href":"https:\/\/www.betriebsarzt-praxis.de\/wordpress\/wp-json\/wp\/v2\/pages\/18","targetHints":{"allow":["GET"]}}],"collection":[{"href":"https:\/\/www.betriebsarzt-praxis.de\/wordpress\/wp-json\/wp\/v2\/pages"}],"about":[{"href":"https:\/\/www.betriebsarzt-praxis.de\/wordpress\/wp-json\/wp\/v2\/types\/page"}],"author":[{"embeddable":true,"href":"https:\/\/www.betriebsarzt-praxis.de\/wordpress\/wp-json\/wp\/v2\/users\/1"}],"replies":[{"embeddable":true,"href":"https:\/\/www.betriebsarzt-praxis.de\/wordpress\/wp-json\/wp\/v2\/comments?post=18"}],"version-history":[{"count":43,"href":"https:\/\/www.betriebsarzt-praxis.de\/wordpress\/wp-json\/wp\/v2\/pages\/18\/revisions"}],"predecessor-version":[{"id":459,"href":"https:\/\/www.betriebsarzt-praxis.de\/wordpress\/wp-json\/wp\/v2\/pages\/18\/revisions\/459"}],"wp:attachment":[{"href":"https:\/\/www.betriebsarzt-praxis.de\/wordpress\/wp-json\/wp\/v2\/media?parent=18"}],"curies":[{"name":"wp","href":"https:\/\/api.w.org\/{rel}","templated":true}]}}